j(b) = b**3 - b**2 + b - 2. What is j(v)?
4
Let c(f) = 13*f**3 + 126*f**2 + 29*f + 5. Let q(a) = 12*a**3 + 116*a**2 + 28*a + 7. Let g(l) = -11*c(l) + 12*q(l). Calculate g(-4).
-7
Let p(h) = 2*h + 16. Let q be (-1)/(-5*(-4)/120). Let u be p(q). Let w(j) = j**3 - 3*j**2 - 5. Give w(u).
11
Let o(d) = 4*d - 10. Let a be o(4). Let q = -16 - -38. Let w(n) = q + n - 21 + n. What is w(a)?
13
Let n be ((-144)/(-384))/(45/6). Let z(p) be the second derivative of -n*p**5 + 0 + 1/3*p**3 + 24*p + 3/2*p**2 - 1/4*p**4. Determine z(-4).
11
Let u(q) = -35*q + 13. Let v(z) = 12*z - 5. Let w(c) = -3*u(c) - 8*v(c). Determine w(-1).
-8
Let j(v) = -8*v - 51. Let d be j(-9). Suppose -r - d + 13 = 0. Let w(q) = 6 + 6 + 2*q + 2 - 5. What is w(r)?
-7
Let a(w) = 7*w**3 + 2*w**2 + 23. Let m(f) = -f**3 + f**2 + 2*f - 1. Let d(g) = -a(g) - 6*m(g). What is d(-7)?
18
Let l(i) = i**3 - 3*i**2 + i. Let y be l(2). Let h(m) be the third derivative of 1/24*m**4 + 0*m + 1/60*m**5 + 191*m**2 + 0 - 1/6*m**3. Determine h(y).
1
Let r(z) = z**2 + 7*z + 25. Let o be r(-8). Let k(f) = o + f + 25 - 68. Give k(-5).
-15
Let q be (-3698)/(-1290) + (-4)/(-30). Let p(s) be the first derivative of -s + 7 + s**q + 1/4*s**4 + 0*s**2. What is p(-2)?
3
Suppose 4*u + 82 = 5*z, 5*z = -0*z - 3*u + 96. Let y be 16/(-72) - (-4)/z. Suppose -v = -y*v + 7. Let o(i) = i**2 + 10*i + 7. Calculate o(v).
-14
Let m(p) be the first derivative of -p**4/4 + 11*p**3/3 - 11*p**2/2 - 12*p + 833. Give m(10).
-22
Let z(q) be the second derivative of 17*q**3/6 + q**2/2 + 2090*q. Calculate z(0).
1
Let k(w) be the second derivative of -1/2*w**2 + 0*w**3 + 1/20*w**5 - 49*w + 5/12*w**4 + 0. Determine k(-2).
11
Let o(g) be the second derivative of g**5/20 + 7*g**4/4 + 19*g**3/2 + 53*g**2/2 - 1800*g. Give o(-18).
-1
Let a(y) = -2*y - 4. Suppose 3*m - 9 = 0, 0 = -r + 4*m - 13 + 3. Let b(u) = u + 2. Let c(h) = r*a(h) + 5*b(h). Determine c(2).
4
Let t(v) = v**2 + 5*v + 3. Suppose -230 - 190 = 2*m. Let y be (0 + 4/(-6))*m/(-28). Give t(y).
3
Let u(h) = h**3 + 23*h**2 + 43*h + 25. Suppose -4 = -4*o, -286*o + 107 = -5*c - 284*o. What is u(c)?
4
Let o(v) = v**3 - 14*v**2 + 14*v - 6. Let z be (-6 - (-4 - 10/3)) + 175/15. Calculate o(z).
7
Let t(s) = -2*s**3 + 2*s - 2. Let x be 2 + 1796/(-2 - 0) + -5. Let g be x/(-795) + (-4)/30. Give t(g).
-2
Let u(a) = 4*a**3 + a**3 - 5*a + 4 - 6*a**3 + 6*a**2. Let l(j) = -5*j**3 - 4*j**2 - j. Let y be l(2). Let r be y/(-8) - 155/124. Determine u(r).
-26
Let p(o) be the first derivative of o**3 - 29*o**2/2 + 7*o + 1153. Give p(8).
-33
Let l be 15 + -25 + (7 - 3). Let r(g) = -4*g**2 - 6*g - 11. Determine r(l).
-119
Let k(j) = -j**2 - 9*j - 4. Let x be k(-6). Let v be (-15)/((-11)/((-176)/(-24))). Suppose v*i + x = -76. Let h(o) = o + 5. Give h(i).
-4
Let n(g) = -g**3 + 6*g**2 - 5*g - 6. Let s be 1/(2/(-30)) + 147/(-49). Let o = -13 - s. What is n(o)?
-6
Let w be 2/4*10 + -1. Let t(y) = 12 - 39 + 2*y + 14 + 11. What is t(w)?
6
Let i be (-6 - -13) + -2 - (3 + -3). Let b(l) = -3*l**2 + 2*l - 2*l - 1 + 3*l - i*l - 3*l**2. Determine b(-1).
-5
Let o(p) = 24*p + 78 + 30*p - 69*p + 19*p. What is o(-24)?
-18
Let i(j) = j**2 - 40*j + 231. Let p(k) = -6*k**3 - 132*k**2 - 11*k - 209. Let r be p(-22). Calculate i(r).
0
Let l(d) = -2*d**3 - 17*d**2 - 34*d + 7. Let m be l(-5). Let g(y) be the second derivative of -31*y + 0 + 1/3*y**3 - m*y**2. What is g(3)?
2
Let p(l) be the second derivative of -1/3*l**3 - 3/2*l**2 + 16*l - 1. Calculate p(5).
-13
Let h be (-46)/253 - 90/(-11). Suppose 4*n = -4*w + 16, 10*w = h*w - n + 7. Let b(v) = v**2 - 2*v - 3. What is b(w)?
0
Let f(v) = -v**3 + 8*v**2 + 6*v - 4. Let j(d) = -d**2 + 375*d + 1908. Let y be j(-5). Determine f(y).
44
Let z = -11 - -7. Suppose 5*w - 10 = -2*m, -m = 5*w - w - 8. Let j(b) = 26 - 2*b - 15 - b**w - 6. Calculate j(z).
-3
Let r(b) = -5*b + 26. Let k(w) = -8*w + 39. Let x(s) = 5*k(s) - 7*r(s). Give x(6).
-17
Let h(g) = 3*g**2 + 45*g - 12. Suppose -148*t = -307*t + 141*t - 270. Determine h(t).
-12
Let a(d) = d**2 - 7*d + 4. Let y be a(5). Let j(t) = -t + 2. Let s(z) = 3*z + z + 1 - 2*z + 3*z - 13. Let b(n) = -6*j(n) - s(n). Determine b(y).
-6
Let r be (-6)/8*-211*(-20)/(-5). Let y(w) = -7 - 4*w**2 + 5*w**2 + 645*w - r*w. Give y(-12).
-7
Let l = -53 + 57. Suppose -c - c = l, 2*b + 5*c + 4 = 0. Let v(h) = h - h**2 - 1 - 2*h - 4*h + b*h. What is v(-1)?
0
Suppose 5*o = 5*t + 15, 2*o - 7*o + 19 = -3*t. Let p(x) = 29 - 12*x - 13*x**2 - 2*x**3 - 2*x**3 - 35 + o*x**3. Determine p(14).
22
Let c be (-6 - -3) + 6 + 3. Let p(t) = 2*t**2 - 12*t + 8. Let k(u) = u. Let f(s) = -3*k(s) - p(s). Calculate f(c).
-26
Let j(c) be the first derivative of -1/60*c**5 + 0*c + 5/6*c**3 - 1/2*c**2 + 5/12*c**4 - 4. Let m(w) be the second derivative of j(w). What is m(10)?
5
Let b = -210 - -210. Suppose -59*w + 52*w + 35 = b. Let f(z) = z**2 - 3*z - 11. Calculate f(w).
-1
Let r(m) = 5*m - 1. Suppose 8*y = 9*y - 2. Suppose -2 = -c + 4. Suppose 4*a - c = -y*a. What is r(a)?
4
Let w(l) = 2*l**2 - 14*l - 15. Suppose -72*b + 792 = -11*b + 38*b. Calculate w(b).
1
Suppose 3*n - 5*n - 2*x = 10, x - 5 = 0. Let p(t) = -14*t - 36. Let g(z) = -22*z - 58. Let q(y) = -5*g(y) + 8*p(y). What is q(n)?
22
Let m(v) = -55*v - 34*v + 172*v - 59*v + 211. What is m(-9)?
-5
Let l(s) = 12*s - 16*s**2 - 1 - 1 + 39 + 40*s**3 - 39*s**3. What is l(15)?
-8
Let n(o) = -480 - o + 116 + 118 + 121 + 112. Give n(-7).
-6
Suppose -45*x + 50*x + 10 = 0. Let z(p) = -29*p - 16. Let c(v) = 4*v + 2. Let s(t) = 28*c(t) + 4*z(t). What is s(x)?
0
Suppose 25 = -69*t - 23 - 21. Let z(l) = 54*l**3 + 2*l**2 + 4*l + 3. Give z(t).
-53
Let h(k) = -3*k - 3*k**2 - 77*k**3 + 0*k**2 + 75*k**3 + 2*k. Let d be 2 + -1 - (-35 - -1). Let a = d + -37. Determine h(a).
6
Let b(x) = x**3 + x**2 + x + 2. Let p(m) = 2*m**3 + 13*m**2 - 7*m - 7. Let u(q) = -3*b(q) + p(q). Calculate u(9).
-22
Let n(s) = -44*s - 85. Suppose 261 - 303 = -54*b - 150. What is n(b)?
3
Let g be ((-93)/62)/(21/28). Let r(d) = d**2 + 6*d + 3. Determine r(g).
-5
Let y(c) = 2*c**3 - c**2 - c + 2. Let g(d) = d**3 - 2*d**2 - 2*d + 4. Let t(f) = -g(f) + y(f). Calculate t(-3).
-23
Let p(a) be the first derivative of a**4/4 - a**3/3 - a**2 - a - 186. Suppose 0 = 17*g - 15*g - 16. Suppose d - g = -10. What is p(d)?
-9
Suppose 0 = 5*i + 5*b + 40, -4*i + 1 - 21 = b. Let f = i - 1. Let m(n) = -n + 7. Let g(p) = 3*p - 20. Let t(l) = 6*g(l) + 17*m(l). What is t(f)?
-6
Suppose -17 = -t + 120. Let i = 156 - 14. Let m = t - i. Let o(v) = -v**2 - 5*v + 3. Give o(m).
3
Let a(g) be the third derivative of -g**5/20 - g**4/12 - g**3/6 - 1524*g**2. Suppose -4*j - 9 = -1. Give a(j).
-9
Let d(g) = -11*g**2 - 28*g - 56. Let f(x) = 19*x**2 + 57*x + 114. Let m(w) = -7*d(w) - 4*f(w). Give m(34).
4
Let w(z) = 28*z - 193. Let g(p) = 18*p - 120. Let b(s) = 8*g(s) - 5*w(s). What is b(2)?
13
Suppose z = 2, 2*z + 168 = -4*u + 172. Let t(k) = -k**2 + k - 13. Determine t(u).
-13
Let a(h) = h**2 - 61*h - 398. Let l be a(-6). Let k(v) = v**2 - 4*v + 5. Calculate k(l).
5
Let s(v) = -v**3 - 6*v**2 - 4*v - 3. Let a be (-3)/(-21)*1 - (-40)/14. Suppose -a*o = x, 3*x = -8*o + 11*o - 24. Give s(x).
21
Suppose 0 = k + 2*k. Let n = k - -3. Let d(b) be the second derivative of -b**4/12 + b**3/3 + b**2/2 - 73390*b. Determine d(n).
-2
Let u(i) be the first derivative of 4*i**3/3 + 35*i**2/2 + 12*i + 873. What is u(-9)?
21
Let j(b) = -44*b - 33. Let g(r) = 16*r + 12. Let o(i) = 17*g(i) + 6*j(i). What is o(3)?
30
Let o(n) = n**2 - 8*n. Let p(z) = -248 + 467 - 248 - 3*z. Let g be p(-12). Calculate o(g).
-7
Let r(v) be the third derivative of -v**6/60 + v**5/15 - v**4/12 + 2*v**3/3 - 4*v**2 - 5*v + 265. Let j = -1 - -3. What is r(j)?
0
Suppose 0 = -15*i + 11*i + 12. Let o(g) = 11*g - 4*g**3 + 2*g**3 - 11*g**2 - 1 - 5 + g**i. Give o(-12).
6
Let p(i) = i**2 + 24*i + 136. Let x be p(-17). Let n(a) = a**3 - 16*a**2 - 16*a - 19. Let g be n(x). Let f(w) = -w - 3 + 2*w + 5. Determine f(g).
0
Let y(o) = o**2 - 2*o - 4. Let c(q) = q**2 + 12*q - 21. Let v be c(-15). Let k = -19 + v. Suppose -k*s - 39 = 8*s. Give y(s).
11
Suppose b + 13*b = 140. Suppose 7*l + b = 5*l. Let v(q) = 3*q + 33. Let f(x) = 2*x + 22. Let c(g) = 7*f(g) - 5*v(g). Give c(l).
-6
Let v be (-14)/119 + 208/34. Let t(i) = -11*i + 77. Give t(v).
11
Let m(h) = 4*h**2 - 30*h